
Let o be (2*-1)/(12/(-66)). Suppose -o*l = -8*l - 9. What is the remainder when ((-26)/8)/(l/(-12)) is divided by 4?
1
Suppose 2*w - w = 63. Let l(o) be the first derivative of -o**3/3 - 9*o**2/2 + 14*o + 13. What is the remainder when w is divided by l(-8)?
19
Let v = -2 + 5. Suppose v*f - 49 = -o, -5*f - 5*o - 27 = -102. Calculate the remainder when 48 is divided by f.
14
Suppose -4*h + 8 = -4*j, -5*j + h + 5 = -1. Let a(o) = 34*o - 65. What is the remainder when a(2) is divided by j?
1
Let m(k) = k**3 - 6*k**2 - 2*k - 2. Let d be m(-4). Let q = d + 82. Let s = 130 + q. Calculate the remainder when s is divided by 10.
8
What is the remainder when 154 is divided by (-14)/21 - (-280)/6?
16
Let k = -15 - -32. What is the remainder when 193 is divided by k?
6
Suppose 2*c - 12 = 130. Let v = 121 - c. Calculate the remainder when v is divided by 4.
2
Calculate the remainder when 440 + 2 + 7/(28/(-20)) is divided by 55.
52
Suppose -78 = -32*g + 26*g. Let i(u) be the third derivative of u**5/60 - 7*u**4/24 - 19*u**3/6 - u**2. Calculate the remainder when i(g) is divided by 15.
14
Let u = -313 + 384. What is the remainder when u is divided by 3?
2
Suppose 7 + 23 = 2*v. Calculate the remainder when 192 is divided by v.
12
Suppose 56 = 56*z - 54*z. Let n(f) = 2*f**2 + 6*f - 2. Let i = 11 + -7. Calculate the remainder when n(i) is divided by z.
26
Let a(t) = -6*t + 8. Let v be a(7). Let y = 59 + v. Calculate the remainder when y is divided by 6*(-2 - 7/(-2)).
7
Suppose 23 = 3*a + 2*n, 44 - 11 = 4*a + 5*n. Let d = 18 - a. Let z(r) = r**3 - 11*r**2 + 6*r - 15. Calculate the remainder when z(d) is divided by 13.
12
Suppose -b - 6*b = 0. Suppose b = 2*r + x - 59, r + 2*r - 3*x = 84. Calculate the remainder when r is divided by 4.
1
Suppose -8*r = -428 - 508. What is the remainder when 463 is divided by r?
112
Suppose 5 = 3*g - a - 50, -4*g + 2*a = -76. Calculate the remainder when 1/4 - 467/(-4) is divided by g.
15
Let l(f) = -f**2 + 5*f - 1. Let y be l(4). Suppose y*p - 4*p = -9. What is the remainder when 105 is divided by p?
6
What is the remainder when (-24)/(-9) - (-2194)/3 is divided by 49?
48
Calculate the remainder when 286 is divided by (-33)/(-165) + (-289)/(-5).
54
Let f(s) = 5*s**2 + 228*s - 52. Calculate the remainder when ((-3)/2)/((-12)/944) is divided by f(-46).
38
Let k(n) = -n**2 - 17*n - 22. Let z = -62 - -50. What is the remainder when k(z) is divided by 14?
10
Let v(x) = -x**2 + 8*x - 10. Let d be v(6). Calculate the remainder when d/((-2 + 6)/8) is divided by 3.
1
Suppose y + 62 = 3*y. Suppose -7*r + 3*r - 52 = 0. Let b = 29 + r. Calculate the remainder when y is divided by b.
15
Let f(q) = -q**3 + 8*q**2 - 5*q + 1. Calculate the remainder when -6 - (0 - 138/3) is divided by f(7).
10
Suppose 5*r = 10, r + 10 = 3*j - 4*j. What is the remainder when 23 is divided by (j/8)/((-2)/8)?
5
Suppose 16 = -4*z, -5*z + 8*z = -3*n + 123. Calculate the remainder when n is divided by 37.
8
Let t = 146 + -100. Calculate the remainder when t is divided by (96/(-20))/(7/(35/(-2))).
10
Let w be (-58)/(-2) - (-2)/2. Let k = w - 21. Suppose -22*i + 32 = -20*i. What is the remainder when i is divided by k?
7
Suppose 4*b = b - 5*u + 326, 0 = -b + 3*u + 118. Suppose -4*z + b = 4*p, 0*z + 4*z = -12. Calculate the remainder when 92 is divided by p.
30
Suppose -4*d - 4*k + 707 - 23 = 0, -d + 2*k + 174 = 0. Calculate the remainder when d is divided by 25.
22
Let x(g) = -g + 20. Let y be x(14). Suppose 0 = -9*h + y*h + 207. Suppose -h = -4*v + v. What is the remainder when 91 is divided by v?
22
Let s = 227 - 155. What is the remainder when 139 is divided by s?
67
Let s(y) = y**3 - 22*y**2 - 45*y - 54. Calculate the remainder when 537 is divided by s(24).
15
Let m = 2 - -6. Let d be (-173)/(-4) + 6/m. Let g = d - -27. Calculate the remainder when g is divided by 18.
17
Let h(g) = -g**3 - 22*g**2 + 23*g - 9. Let t be h(-23). Let l(i) = -2*i**2 - 23*i + 4. What is the remainder when l(t) is divided by 26?
23
Let q = 32 - 22. What is the remainder when 42 is divided by q?
2
Suppose y - 8*y + 1463 = 0. Calculate the remainder when y is divided by 35.
34
Let s = 19 + -20. Let v be (-108 + 0 + -1)/s. Let w = v + -22. What is the remainder when w is divided by 11?
10
Let a(j) = -j**3 - 10*j**2 - 6*j - 3. Let c be a(-10). Let d = 79 - 65. Calculate the remainder when -3 + c + -1 + 2 is divided by d.
13
Let k(f) = -94*f. Let c be k(-3). Suppose -2*w - 60 = 5*s - 338, 3*s - c = -2*w. Suppose 0 = -3*x - x + w. Calculate the remainder when x is divided by 13.
10
Let v(l) = l**2 - l - 4. Let w be v(-5). Let k = 11 + w. Calculate the remainder when k is divided by 10.
7
Let p = 7 + -8. Let m be (p - -3)/((-6)/219). Let k = m + 118. Calculate the remainder when k is divided by 23.
22
Suppose -2*w + 20*d + 660 = 24*d, -1 = -d. Calculate the remainder when w is divided by 33.
31
Suppose -17*y + 2679 + 2591 = 0. What is the remainder when y is divided by 52?
50
Let k = -155 + 164. Let s(g) = g**2 - 4*g - 1. Let z be s(4). Calculate the remainder when -68*1*z/2 is divided by k.
7
Suppose -31 = -w - 3*p, w - p - 38 = -15. Suppose -645 = 57*l - 100*l. Calculate the remainder when w is divided by l.
10
Let s = -194 + 221. Suppose 0 = 2*d - d + 4. Let n = 47 - d. Calculate the remainder when n is divided by s.
24
Suppose 2*b - 175 = -5*l, -l - 122 = -117. Calculate the remainder when 2099 is divided by b.
99
Let g = 53 + 12. Suppose 6*u - u + 4*q - 65 = 0, 5*q = -4*u + 61. Let f = u + 8. What is the remainder when g is divided by f?
14
Let v = 223 - 124. What is the remainder when v is divided by 25?
24
Suppose 0 = -6*h + 24 + 852. Calculate the remainder when h is divided by 66.
14
Let i = 28 - 16. Let j = -136 + 249. Let g = 170 - j. Calculate the remainder when g is divided by i.
9
Let o be ((-4)/(-3))/(-4 - 37/(-9)). Suppose o*a - a - 1232 = 0. What is the remainder when a is divided by 23?
20
Let t(n) = -5*n**2 + 9*n - 15. Let m(r) = -4*r**2 + 10*r - 14. Let x(k) = -6*m(k) + 5*t(k). Calculate the remainder when 34 is divided by x(-15).
7
Suppose -4*t = i - 59, 0 = -3*t + 4*i + 100 - 32. Calculate the remainder when 22 is divided by (t/(-10))/((-1)/((-5)/(-2))).
2
Let l = 1 - -15. Suppose 3*p + 4 = l. Calculate the remainder when 11 is divided by p.
3
Suppose x - 324 = -4*y + 3*x, -4*x = 16. Let p = y - 52. Calculate the remainder when p is divided by 7.
6
Suppose 3*z + 20 = 26. Suppose -24 = -z*n - n. What is the remainder when 31 is divided by n?
7
Let n = -6 - -10. Suppose 0 = i + n*u + 4, i + i = -u + 6. Suppose -a = i*a - 50. Calculate the remainder when a is divided by 4.
2
Suppose -325*g + 1038 = -322*g. What is the remainder when g is divided by 6?
4
Calculate the remainder when 23 is divided by (-5)/(-2)*4*(-81)/(-90).
5
Suppose 0 = 3*g - 5*s - 36, 2*g + 0*s - 3*s - 25 = 0. Let z = 0 - -32. Calculate the remainder when (-624)/z*20/(-6) is divided by g.
14
Suppose -x + 24 = 3*x. Let a(r) = -r**3 + 6*r**2 + 3*r + 1. Calculate the remainder when a(x) is divided by (-1 + (-2)/(-4))/(9/(-126)).
5
Suppose 3*c - 11 = -2. Suppose 16 = c*l - 23. Suppose -206*h - 115 = -211*h. Calculate the remainder when h is divided by l.
10
Suppose -360 + 550 = 5*o. Let m(d) = 2*d**2 - 4*d + 4. What is the remainder when o is divided by m(3)?
8
Suppose 0 = -3*y + 9 - 21. Calculate the remainder when (-2)/(y*2/404) is divided by 17.
16
Let i = 480 - 283. Suppose 4*o - i = 327. Calculate the remainder when o is divided by 11.
10
Suppose 87*f = 80*f + 112. Calculate the remainder when 108 is divided by f.
12
Suppose -38 = -j - r, -3*r = -5*j - 0*r + 158. Suppose 0 = k + 4*k - 165. Calculate the remainder when k is divided by (0 - j/4)*-2.
16
Suppose 0 = 4*v - 2*g + 6*g - 8, -3*v + 14 = g. Let q = 21 - v. Suppose 3*a + 190 = 3*j + 4, 12 = -4*a. Calculate the remainder when j is divided by q.
14
Suppose 387 = -3*r + 1080. Suppose 0 = -4*h + h + r. Calculate the remainder when h is divided by (380/(-57) - -4)/(0 + 4/(-30)).
17
Let n = 193 + -184. Let t = 7 - 4. Suppose -t*v + 4*l = l - 39, 4*v - 70 = -2*l. What is the remainder when v is divided by n?
7
What is the remainder when ((-21)/15)/(4/(-60)) is divided by 4?
1
Suppose -10*b = -13*b - 36. Let w(d) = -d - 8. Let s be w(b). Suppose -u - 3*u 